{"id":144,"date":"2024-03-24T14:38:24","date_gmt":"2024-03-24T14:38:24","guid":{"rendered":"https:\/\/www.pd-drava.hr\/?page_id=144"},"modified":"2026-04-22T17:59:25","modified_gmt":"2026-04-22T17:59:25","slug":"aktivnosti","status":"publish","type":"page","link":"https:\/\/www.pd-drava.hr\/index.php\/aktivnosti\/","title":{"rendered":"Aktivnosti"},"content":{"rendered":"\t\t<div data-elementor-type=\"wp-page\" data-elementor-id=\"144\" class=\"elementor elementor-144\">\n\t\t\t\t<div class=\"elementor-element elementor-element-f3b3d6e e-flex e-con-boxed e-con e-parent\" data-id=\"f3b3d6e\" data-element_type=\"container\">\n\t\t\t\t\t<div class=\"e-con-inner\">\n\t\t\t\t<div class=\"elementor-element elementor-element-8e4095d elementor-icon-list--layout-traditional elementor-list-item-link-full_width elementor-widget elementor-widget-icon-list\" data-id=\"8e4095d\" data-element_type=\"widget\" data-widget_type=\"icon-list.default\">\n\t\t\t\t<div class=\"elementor-widget-container\">\n\t\t\t\t\t\t\t<ul class=\"elementor-icon-list-items\">\n\t\t\t\t\t\t\t<li class=\"elementor-icon-list-item\">\n\t\t\t\t\t\t\t\t\t\t\t<a href=\"https:\/\/www.pd-drava.hr\/index.php\/dan-planeta-zemlje\/\">\n\n\t\t\t\t\t\t\t\t\t\t\t\t<span class=\"elementor-icon-list-icon\">\n\t\t\t\t\t\t\t<i aria-hidden=\"true\" class=\"fas fa-chevron-circle-right\"><\/i>\t\t\t\t\t\t<\/span>\n\t\t\t\t\t\t\t\t\t\t<span class=\"elementor-icon-list-text\">Dan planeta Zemlje<\/span>\n\t\t\t\t\t\t\t\t\t\t\t<\/a>\n\t\t\t\t\t\t\t\t\t<\/li>\n\t\t\t\t\t\t\t\t<li class=\"elementor-icon-list-item\">\n\t\t\t\t\t\t\t\t\t\t\t<a href=\"https:\/\/www.pd-drava.hr\/index.php\/sudjelovanje-na-6-hrvatskom-simpoziju-o-invazivnim-vrstama\/\">\n\n\t\t\t\t\t\t\t\t\t\t\t\t<span class=\"elementor-icon-list-icon\">\n\t\t\t\t\t\t\t<i aria-hidden=\"true\" class=\"fas fa-chevron-circle-right\"><\/i>\t\t\t\t\t\t<\/span>\n\t\t\t\t\t\t\t\t\t\t<span class=\"elementor-icon-list-text\">Sudjelovanje na 6. hrvatskom simpoziju o invazivnim vrstama<\/span>\n\t\t\t\t\t\t\t\t\t\t\t<\/a>\n\t\t\t\t\t\t\t\t\t<\/li>\n\t\t\t\t\t\t\t\t<li class=\"elementor-icon-list-item\">\n\t\t\t\t\t\t\t\t\t\t\t<a href=\"https:\/\/www.pd-drava.hr\/index.php\/istrazivanje-orhideja-u-hrvatskoj\/\">\n\n\t\t\t\t\t\t\t\t\t\t\t\t<span class=\"elementor-icon-list-icon\">\n\t\t\t\t\t\t\t<i aria-hidden=\"true\" class=\"fas fa-chevron-circle-right\"><\/i>\t\t\t\t\t\t<\/span>\n\t\t\t\t\t\t\t\t\t\t<span class=\"elementor-icon-list-text\">Istra\u017eivanja orhideja u Hrvatskoj<\/span>\n\t\t\t\t\t\t\t\t\t\t\t<\/a>\n\t\t\t\t\t\t\t\t\t<\/li>\n\t\t\t\t\t\t\t\t<li class=\"elementor-icon-list-item\">\n\t\t\t\t\t\t\t\t\t\t\t<a href=\"https:\/\/www.pd-drava.hr\/index.php\/pracenje-i-prstenovanje-zlatovrana-u-2024-godini\/\">\n\n\t\t\t\t\t\t\t\t\t\t\t\t<span class=\"elementor-icon-list-icon\">\n\t\t\t\t\t\t\t<i aria-hidden=\"true\" class=\"fas fa-chevron-circle-right\"><\/i>\t\t\t\t\t\t<\/span>\n\t\t\t\t\t\t\t\t\t\t<span class=\"elementor-icon-list-text\">Pra\u0107enje i prstenovanje zlatovrana u 2024. godini<\/span>\n\t\t\t\t\t\t\t\t\t\t\t<\/a>\n\t\t\t\t\t\t\t\t\t<\/li>\n\t\t\t\t\t\t\t\t<li class=\"elementor-icon-list-item\">\n\t\t\t\t\t\t\t\t\t\t\t<a href=\"https:\/\/www.pd-drava.hr\/index.php\/monitoringa-ptica-na-rijekama-muri-dravi-i-dunavu-tijekom-2024-godine\/\">\n\n\t\t\t\t\t\t\t\t\t\t\t\t<span class=\"elementor-icon-list-icon\">\n\t\t\t\t\t\t\t<i aria-hidden=\"true\" class=\"fas fa-chevron-circle-right\"><\/i>\t\t\t\t\t\t<\/span>\n\t\t\t\t\t\t\t\t\t\t<span class=\"elementor-icon-list-text\">Monitoring ptica na rijekama Muri, Dravi i Dunavu tijekom 2024. godine<\/span>\n\t\t\t\t\t\t\t\t\t\t\t<\/a>\n\t\t\t\t\t\t\t\t\t<\/li>\n\t\t\t\t\t\t\t\t<li class=\"elementor-icon-list-item\">\n\t\t\t\t\t\t\t\t\t\t\t<a href=\"https:\/\/www.pd-drava.hr\/index.php\/prstenovanje-galebova-otocic-veli-razanac\/\">\n\n\t\t\t\t\t\t\t\t\t\t\t\t<span class=\"elementor-icon-list-icon\">\n\t\t\t\t\t\t\t<i aria-hidden=\"true\" class=\"fas fa-chevron-circle-right\"><\/i>\t\t\t\t\t\t<\/span>\n\t\t\t\t\t\t\t\t\t\t<span class=\"elementor-icon-list-text\">Prstenovanje galebova - Oto\u010di\u0107 Veli Ra\u017eanac<\/span>\n\t\t\t\t\t\t\t\t\t\t\t<\/a>\n\t\t\t\t\t\t\t\t\t<\/li>\n\t\t\t\t\t\t\t\t<li class=\"elementor-icon-list-item\">\n\t\t\t\t\t\t\t\t\t\t\t<a href=\"https:\/\/www.pd-drava.hr\/index.php\/aktivnost-odrzavanja-i-postavljanja-novih-kucica-za-zlatovrane\/\">\n\n\t\t\t\t\t\t\t\t\t\t\t\t<span class=\"elementor-icon-list-icon\">\n\t\t\t\t\t\t\t<i aria-hidden=\"true\" class=\"fas fa-chevron-circle-right\"><\/i>\t\t\t\t\t\t<\/span>\n\t\t\t\t\t\t\t\t\t\t<span class=\"elementor-icon-list-text\">Odr\u017eavanje i postavljanje novih ku\u0107ica za zlatovrane u 2024. godini<\/span>\n\t\t\t\t\t\t\t\t\t\t\t<\/a>\n\t\t\t\t\t\t\t\t\t<\/li>\n\t\t\t\t\t\t\t\t<li class=\"elementor-icon-list-item\">\n\t\t\t\t\t\t\t\t\t\t\t<a href=\"https:\/\/www.pd-drava.hr\/index.php\/monitoring-bregunica-na-rijeci-dravi\/\">\n\n\t\t\t\t\t\t\t\t\t\t\t\t<span class=\"elementor-icon-list-icon\">\n\t\t\t\t\t\t\t<i aria-hidden=\"true\" class=\"fas fa-chevron-circle-right\"><\/i>\t\t\t\t\t\t<\/span>\n\t\t\t\t\t\t\t\t\t\t<span class=\"elementor-icon-list-text\">Monitoring bregunica na rijeci Dravi<\/span>\n\t\t\t\t\t\t\t\t\t\t\t<\/a>\n\t\t\t\t\t\t\t\t\t<\/li>\n\t\t\t\t\t\t\t\t<li class=\"elementor-icon-list-item\">\n\t\t\t\t\t\t\t\t\t\t\t<a href=\"https:\/\/www.pd-drava.hr\/index.php\/mocvare\/\">\n\n\t\t\t\t\t\t\t\t\t\t\t\t<span class=\"elementor-icon-list-icon\">\n\t\t\t\t\t\t\t<i aria-hidden=\"true\" class=\"fas fa-chevron-circle-right\"><\/i>\t\t\t\t\t\t<\/span>\n\t\t\t\t\t\t\t\t\t\t<span class=\"elementor-icon-list-text\">Mo\u010dvare<\/span>\n\t\t\t\t\t\t\t\t\t\t\t<\/a>\n\t\t\t\t\t\t\t\t\t<\/li>\n\t\t\t\t\t\t\t\t<li class=\"elementor-icon-list-item\">\n\t\t\t\t\t\t\t\t\t\t\t<a href=\"https:\/\/www.pd-drava.hr\/index.php\/pilot-projekt-revitalizacije-mocvarnih-stanista\/\">\n\n\t\t\t\t\t\t\t\t\t\t\t\t<span class=\"elementor-icon-list-icon\">\n\t\t\t\t\t\t\t<i aria-hidden=\"true\" class=\"fas fa-chevron-circle-right\"><\/i>\t\t\t\t\t\t<\/span>\n\t\t\t\t\t\t\t\t\t\t<span class=\"elementor-icon-list-text\">Pilot projekt revitalizacije mo\u010dvarnih stani\u0161ta<\/span>\n\t\t\t\t\t\t\t\t\t\t\t<\/a>\n\t\t\t\t\t\t\t\t\t<\/li>\n\t\t\t\t\t\t\t\t<li class=\"elementor-icon-list-item\">\n\t\t\t\t\t\t\t\t\t\t\t<a href=\"https:\/\/www.pd-drava.hr\/index.php\/monitoring-ptica-na-rijeci-dravi\/\">\n\n\t\t\t\t\t\t\t\t\t\t\t\t<span class=\"elementor-icon-list-icon\">\n\t\t\t\t\t\t\t<i aria-hidden=\"true\" class=\"fas fa-chevron-circle-right\"><\/i>\t\t\t\t\t\t<\/span>\n\t\t\t\t\t\t\t\t\t\t<span class=\"elementor-icon-list-text\">Monitoring ptica na rijeci Dravi<\/span>\n\t\t\t\t\t\t\t\t\t\t\t<\/a>\n\t\t\t\t\t\t\t\t\t<\/li>\n\t\t\t\t\t\t\t\t<li class=\"elementor-icon-list-item\">\n\t\t\t\t\t\t\t\t\t\t\t<a href=\"https:\/\/www.pd-drava.hr\/index.php\/postavljanje-kucica-za-ptice\/%20\">\n\n\t\t\t\t\t\t\t\t\t\t\t\t<span class=\"elementor-icon-list-icon\">\n\t\t\t\t\t\t\t<i aria-hidden=\"true\" class=\"fas fa-chevron-circle-right\"><\/i>\t\t\t\t\t\t<\/span>\n\t\t\t\t\t\t\t\t\t\t<span class=\"elementor-icon-list-text\">Postavljanje ku\u0107ica za ptice<\/span>\n\t\t\t\t\t\t\t\t\t\t\t<\/a>\n\t\t\t\t\t\t\t\t\t<\/li>\n\t\t\t\t\t\t<\/ul>\n\t\t\t\t\t\t<\/div>\n\t\t\t\t<\/div>\n\t\t\t\t\t<\/div>\n\t\t\t\t<\/div>\n\t\t\t\t<\/div>\n\t\t","protected":false},"excerpt":{"rendered":"<p>Dan planeta Zemlje Sudjelovanje na 6. hrvatskom simpoziju o invazivnim vrstama Istra\u017eivanja orhideja u Hrvatskoj Pra\u0107enje i prstenovanje zlatovrana u 2024. godini Monitoring ptica na rijekama Muri, Dravi i Dunavu tijekom 2024. godine Prstenovanje galebova &#8211; Oto\u010di\u0107 Veli Ra\u017eanac Odr\u017eavanje i postavljanje novih ku\u0107ica za zlatovrane u 2024. godini Monitoring bregunica na rijeci Dravi Mo\u010dvare&#8230;<\/p>\n","protected":false},"author":3,"featured_media":0,"parent":0,"menu_order":0,"comment_status":"closed","ping_status":"closed","template":"","meta":{"ngg_post_thumbnail":0,"footnotes":""},"class_list":["post-144","page","type-page","status-publish","hentry"],"_links":{"self":[{"href":"https:\/\/www.pd-drava.hr\/index.php\/wp-json\/wp\/v2\/pages\/144","targetHints":{"allow":["GET"]}}],"collection":[{"href":"https:\/\/www.pd-drava.hr\/index.php\/wp-json\/wp\/v2\/pages"}],"about":[{"href":"https:\/\/www.pd-drava.hr\/index.php\/wp-json\/wp\/v2\/types\/page"}],"author":[{"embeddable":true,"href":"https:\/\/www.pd-drava.hr\/index.php\/wp-json\/wp\/v2\/users\/3"}],"replies":[{"embeddable":true,"href":"https:\/\/www.pd-drava.hr\/index.php\/wp-json\/wp\/v2\/comments?post=144"}],"version-history":[{"count":0,"href":"https:\/\/www.pd-drava.hr\/index.php\/wp-json\/wp\/v2\/pages\/144\/revisions"}],"wp:attachment":[{"href":"https:\/\/www.pd-drava.hr\/index.php\/wp-json\/wp\/v2\/media?parent=144"}],"curies":[{"name":"wp","href":"https:\/\/api.w.org\/{rel}","templated":true}]}}

<div data-elementor-type="wp-page" data-elementor-id="144" class="elementor elementor-144">
				<div class="elementor-element elementor-element-f3b3d6e e-flex e-con-boxed e-con e-parent" data-id="f3b3d6e" data-element_type="container">
					<div class="e-con-inner">
				<div class="elementor-element elementor-element-8e4095d elementor-icon-list--layout-traditional elementor-list-item-link-full_width elementor-widget elementor-widget-icon-list" data-id="8e4095d" data-element_type="widget" data-widget_type="icon-list.default">
				<div class="elementor-widget-container">
							<ul class="elementor-icon-list-items">
							<li class="elementor-icon-list-item">
											<a href="https://www.pd-drava.hr/index.php/dan-planeta-zemlje/">

												<span class="elementor-icon-list-icon">
							<i aria-hidden="true" class="fas fa-chevron-circle-right"></i>						</span>
										<span class="elementor-icon-list-text">Dan planeta Zemlje</span>
											</a>
									</li>
								<li class="elementor-icon-list-item">
											<a href="https://www.pd-drava.hr/index.php/sudjelovanje-na-6-hrvatskom-simpoziju-o-invazivnim-vrstama/">

												<span class="elementor-icon-list-icon">
							<i aria-hidden="true" class="fas fa-chevron-circle-right"></i>						</span>
										<span class="elementor-icon-list-text">Sudjelovanje na 6. hrvatskom simpoziju o invazivnim vrstama</span>
											</a>
									</li>
								<li class="elementor-icon-list-item">
											<a href="https://www.pd-drava.hr/index.php/istrazivanje-orhideja-u-hrvatskoj/">

												<span class="elementor-icon-list-icon">
							<i aria-hidden="true" class="fas fa-chevron-circle-right"></i>						</span>
										<span class="elementor-icon-list-text">Istraživanja orhideja u Hrvatskoj</span>
											</a>
									</li>
								<li class="elementor-icon-list-item">
											<a href="https://www.pd-drava.hr/index.php/pracenje-i-prstenovanje-zlatovrana-u-2024-godini/">

												<span class="elementor-icon-list-icon">
							<i aria-hidden="true" class="fas fa-chevron-circle-right"></i>						</span>
										<span class="elementor-icon-list-text">Praćenje i prstenovanje zlatovrana u 2024. godini</span>
											</a>
									</li>
								<li class="elementor-icon-list-item">
											<a href="https://www.pd-drava.hr/index.php/monitoringa-ptica-na-rijekama-muri-dravi-i-dunavu-tijekom-2024-godine/">

												<span class="elementor-icon-list-icon">
							<i aria-hidden="true" class="fas fa-chevron-circle-right"></i>						</span>
										<span class="elementor-icon-list-text">Monitoring ptica na rijekama Muri, Dravi i Dunavu tijekom 2024. godine</span>
											</a>
									</li>
								<li class="elementor-icon-list-item">
											<a href="https://www.pd-drava.hr/index.php/prstenovanje-galebova-otocic-veli-razanac/">

												<span class="elementor-icon-list-icon">
							<i aria-hidden="true" class="fas fa-chevron-circle-right"></i>						</span>
										<span class="elementor-icon-list-text">Prstenovanje galebova - Otočić Veli Ražanac</span>
											</a>
									</li>
								<li class="elementor-icon-list-item">
											<a href="https://www.pd-drava.hr/index.php/aktivnost-odrzavanja-i-postavljanja-novih-kucica-za-zlatovrane/">

												<span class="elementor-icon-list-icon">
							<i aria-hidden="true" class="fas fa-chevron-circle-right"></i>						</span>
										<span class="elementor-icon-list-text">Održavanje i postavljanje novih kućica za zlatovrane u 2024. godini</span>
											</a>
									</li>
								<li class="elementor-icon-list-item">
											<a href="https://www.pd-drava.hr/index.php/monitoring-bregunica-na-rijeci-dravi/">

												<span class="elementor-icon-list-icon">
							<i aria-hidden="true" class="fas fa-chevron-circle-right"></i>						</span>
										<span class="elementor-icon-list-text">Monitoring bregunica na rijeci Dravi</span>
											</a>
									</li>
								<li class="elementor-icon-list-item">
											<a href="https://www.pd-drava.hr/index.php/mocvare/">

												<span class="elementor-icon-list-icon">
							<i aria-hidden="true" class="fas fa-chevron-circle-right"></i>						</span>
										<span class="elementor-icon-list-text">Močvare</span>
											</a>
									</li>
								<li class="elementor-icon-list-item">
											<a href="https://www.pd-drava.hr/index.php/pilot-projekt-revitalizacije-mocvarnih-stanista/">

												<span class="elementor-icon-list-icon">
							<i aria-hidden="true" class="fas fa-chevron-circle-right"></i>						</span>
										<span class="elementor-icon-list-text">Pilot projekt revitalizacije močvarnih staništa</span>
											</a>
									</li>
								<li class="elementor-icon-list-item">
											<a href="https://www.pd-drava.hr/index.php/monitoring-ptica-na-rijeci-dravi/">

												<span class="elementor-icon-list-icon">
							<i aria-hidden="true" class="fas fa-chevron-circle-right"></i>						</span>
										<span class="elementor-icon-list-text">Monitoring ptica na rijeci Dravi</span>
											</a>
									</li>
								<li class="elementor-icon-list-item">
											<a href="https://www.pd-drava.hr/index.php/postavljanje-kucica-za-ptice/%20">

												<span class="elementor-icon-list-icon">
							<i aria-hidden="true" class="fas fa-chevron-circle-right"></i>						</span>
										<span class="elementor-icon-list-text">Postavljanje kućica za ptice</span>
											</a>
									</li>
						</ul>
						</div>
				</div>
					</div>
				</div>
				</div>

<p>Dan planeta Zemlje Sudjelovanje na 6. hrvatskom simpoziju o invazivnim vrstama Istraživanja orhideja u Hrvatskoj Praćenje i prstenovanje zlatovrana u 2024. godini Monitoring ptica na rijekama Muri, Dravi i Dunavu tijekom 2024. godine Prstenovanje galebova &#8211; Otočić Veli Ražanac Održavanje i postavljanje novih kućica za zlatovrane u 2024. godini Monitoring bregunica na rijeci Dravi Močvare&#8230;</p>
