{"id":14,"date":"2011-02-04T15:30:05","date_gmt":"2011-02-04T15:30:05","guid":{"rendered":"http:\/\/www.pd-drava.hr\/index.php\/"},"modified":"2025-01-05T21:26:20","modified_gmt":"2025-01-05T21:26:20","slug":"novosti","status":"publish","type":"page","link":"https:\/\/www.pd-drava.hr\/index.php\/novosti\/","title":{"rendered":"Novosti"},"content":{"rendered":"\t\t<div data-elementor-type=\"wp-page\" data-elementor-id=\"14\" class=\"elementor elementor-14\">\n\t\t\t\t<div class=\"elementor-element elementor-element-f9db9da e-flex e-con-boxed e-con e-parent\" data-id=\"f9db9da\" data-element_type=\"container\">\n\t\t\t\t\t<div class=\"e-con-inner\">\n\t\t\t\t<div class=\"elementor-element elementor-element-3d0198c elementor-widget elementor-widget-wp-widget-listcategorypostswidget\" data-id=\"3d0198c\" data-element_type=\"widget\" data-widget_type=\"wp-widget-listcategorypostswidget.default\">\n\t\t\t\t<div class=\"elementor-widget-container\">\n\t\t\t\t\t<h5> <\/h5><ul class=\"lcp_catlist\" id=\"lcp_instance_listcategorypostswidget-REPLACE_TO_ID\"><li><a href=\"https:\/\/www.pd-drava.hr\/index.php\/aktivnost-usmjerena-na-povecanje-brojnosti-populacije-zlatovrane-u-hrvatskoj\/\">Aktivnost usmjerena na pove\u0107anje brojnosti populacije zlatovrane u Hrvatskoj<\/a><div class=\"lcp_excerpt\">\nPopulacija Coracias garrulus (zlatovrane) u Hrvatskoj je kroz du\u017ei period opadala zbog nestanka stani\u0161ta i vjerojatno zbog prekomjernog kori\u0161tenja pesticida. U 90-tima je gotovo ili potpuno nestala u Hrvatskoj gnijezde\u0107a populacija ove vrste.\nNakon domovinskog rata vjerojatno zbog smanjenja intenzivne poljoprivrede i velikih minski sumnjivih podru\u010dja Ravnih Kotara. Dolazi do znatno pove\u0107anja dostupnosti hrane bitne za ...<\/div><\/li><li><a href=\"https:\/\/www.pd-drava.hr\/index.php\/monitoring-bregunica-na-rijeci-dravi\/\">Monitoring bregunica na rijeci Dravi<\/a><div class=\"lcp_excerpt\">Monitoring je program pra\u0107enja odre\u0111enog svojstva kroz vrijeme u odnosu na referentnu vrijednost (nulto stanje), a prati se standardiziranom metodologijom.\nRadovi na Dravi zapo\u010deli su 2004. godine (od 227. do 201.rkm i od 65. do 38.rkm). Detaljnije o monitoringu bregunica na rijeci Dravi pogledajte u video-prilogu.\nhttpv:\/\/www.youtube.com\/watch?v=CWcqVJXdYzk\n<\/div><\/li><li><a href=\"https:\/\/www.pd-drava.hr\/index.php\/mocvare\/\">Mo\u010dvare<\/a><div class=\"lcp_excerpt\">Nestajanje prirodnih mo\u010dvarnih stani\u0161ta predstavlja nenadoknadivi gubitak za prirodu, odnosno njenu raznolikost. U kontinentalnoj Hrvatskoj preostala su jo\u0161 samo dva velika prirodna mo\u010dvarna podru\u010dja: Lonjsko polje i Kopa\u010dki rit. Oba su vezana i ovisna o najve\u0107im hrvatskim rijekama. Osim ova dva lokaliteta u kontinentalnoj Hrvatskoj postoji jo\u0161 mno\u0161tvo manjih prirodnih bara i rukavaca me\u0111u kojima ...<\/div><\/li><li><a href=\"https:\/\/www.pd-drava.hr\/index.php\/pilot-projekt-revitalizacije-mocvarnih-stanista\/\">Pilot projekt revitalizacije mo\u010dvarnih stani\u0161ta<\/a><div class=\"lcp_excerpt\">Prirodoslovno dru\u0161tvo &#8220;Drava&#8221; i WWF (World Wide Fund for Nature) u suradnji s Hrvatskim vodama i Viroviti\u010dko-podravskom \u017eupanijom predstavili su u okviru UNDP\/GEF Dunavskog regionalnog projekta (\u010dlan 1.4) \u2013 faza 2 Pilot projekt revitalizacije mo\u010dvarnih stani\u0161ta, 09. lipnja 2006. god. u Budakovcu u restoranu &#8220;\u0160aran&#8221;. Dunavskog regionalnog projekta (\u010dlan 1.4) \u2013 faza 2 Pilot projekt ...<\/div><\/li><li><a href=\"https:\/\/www.pd-drava.hr\/index.php\/monitoring-ptica-na-rijeci-dravi\/\">Monitoring ptica na rijeci Dravi<\/a><div class=\"lcp_excerpt\">\u010clanovi Prirodoslovnog dru\u0161tva \u201eDrava\u201c i ove su godine proveli monitoring ptica na rijeci Dravi. Ovo je ve\u0107 \u010detvrta godina zaredom\u00a0 kako se prati stanje populacije bregunica i orla \u0161tekavca od brane kod Donje Dubrave pa do u\u0161\u0107a Drave u Dunav. Sredstva za ovaj zahtjevni projekt do ove godine bila su tek dostatna za rad te ...<\/div><\/li><\/ul>\t\t\t\t<\/div>\n\t\t\t\t<\/div>\n\t\t\t\t\t<\/div>\n\t\t\t\t<\/div>\n\t\t\t\t<\/div>\n\t\t","protected":false},"excerpt":{"rendered":"","protected":false},"author":2,"featured_media":0,"parent":0,"menu_order":0,"comment_status":"closed","ping_status":"closed","template":"","meta":{"ngg_post_thumbnail":0,"footnotes":""},"class_list":["post-14","page","type-page","status-publish","hentry"],"_links":{"self":[{"href":"https:\/\/www.pd-drava.hr\/index.php\/wp-json\/wp\/v2\/pages\/14","targetHints":{"allow":["GET"]}}],"collection":[{"href":"https:\/\/www.pd-drava.hr\/index.php\/wp-json\/wp\/v2\/pages"}],"about":[{"href":"https:\/\/www.pd-drava.hr\/index.php\/wp-json\/wp\/v2\/types\/page"}],"author":[{"embeddable":true,"href":"https:\/\/www.pd-drava.hr\/index.php\/wp-json\/wp\/v2\/users\/2"}],"replies":[{"embeddable":true,"href":"https:\/\/www.pd-drava.hr\/index.php\/wp-json\/wp\/v2\/comments?post=14"}],"version-history":[{"count":0,"href":"https:\/\/www.pd-drava.hr\/index.php\/wp-json\/wp\/v2\/pages\/14\/revisions"}],"wp:attachment":[{"href":"https:\/\/www.pd-drava.hr\/index.php\/wp-json\/wp\/v2\/media?parent=14"}],"curies":[{"name":"wp","href":"https:\/\/api.w.org\/{rel}","templated":true}]}}